11. Determine m(5).
9
Let u(h) = -h**3 - 2*h**2 + 2*h + 3. Calculate u(-2).
-1
Let d(u) = -u**2 + 1. What is d(0)?
1
Let b(v) = v**3 + 4*v**2 - 18*v - 6. Calculate b(-7).
-27
Let n(l) = l**2 + 7*l - 50. Calculate n(5).
10
Let b(a) = 8*a**2 - 41*a + 14. What is b(5)?
9
Let s(z) = 24*z - 25. Determine s(9).
191
Let w(s) = -s**2 - 8*s - 6. Determine w(-5).
9
Let x(k) = k - 19. Determine x(16).
-3
Let a(r) = 8*r - 7. Determine a(2).
9
Let y(t) = -t**2 + 12*t + 4. Give y(10).
24
Let j(f) = -f**3 + 12*f**2 - 11*f + 4. Give j(11).
4
Let r(v) = -v**3 + 11*v**2 - v + 3. Determine r(11).
-8
Let b(j) = -3*j**3 + 2*j**2 + 2*j - 1. Calculate b(2).
-13
Let x(r) = r**3 - 12*r**2 + r - 17. What is x(12)?
-5
Let s(p) = 2*p**2 - 12. Give s(-6).
60
Let m(w) = -w**2 + 14*w + 18. Calculate m(0).
18
Let z(x) = -9*x**2 + 7*x + 9. Give z(-2).
-41
Let n(q) = -q + 15. What is n(20)?
-5
Let z(o) = 6*o**2 + 29*o - 30. Determine z(1).
5
Let f(p) = 2*p**2 - 11*p - 5. Determine f(7).
16
Let p(d) = -d**3 + 7*d**2 - 8. Determine p(7).
-8
Let j(k) = -k**2 - 11*k - 29. Calculate j(-8).
-5
Let l(s) = 7*s - 348. Give l(51).
9
Let i(k) = -2*k**3 + 7*k**2 + 18*k - 15. Determine i(5).
0
Let w(m) = 6*m - 10. Calculate w(2).
2
Let i(h) = -2*h**2 + 18*h + 6. Determine i(11).
-38
Let f(o) = -102*o**2 + 8*o + 8. What is f(-1)?
-102
Let x(a) = -25*a**2 - 1. What is x(-1)?
-26
Let c(v) = -v - 2. Determine c(-3).
1
Let c(w) = w**2 - 15*w - 1. Determine c(16).
15
Let s(z) = -z**3 + 9*z**2 + 22*z - 6. Calculate s(11).
-6
Let w(g) = -5*g**2 + 283*g - 164. What is w(56)?
4
Let p(j) = -2*j**2 + 40*j - 37. Give p(19).
1
Let y(p) = -5*p + 11. What is y(0)?
11
Let x(h) = -h**3 + 36*h**2 - h + 21. Calculate x(36).
-15
Let l(b) = b**2 + 39*b - 670. What is l(13)?
6
Let d(v) = -7*v - 19. Give d(10).
-89
Let z(l) = -l**3 - 9*l**2 - 5*l - 8. Determine z(-8).
-32
Let n(k) = -22*k + 18. Calculate n(-1).
40
Let s(y) = -y**3 + 5*y**2 - y - 5. What is s(2)?
5
Let g(z) = -73*z**3 - z - 1. Calculate g(-1).
73
Let x(b) = -2*b + 7. Determine x(6).
-5
Let t(o) = o**2 - 20*o - 3. Calculate t(19).
-22
Let o(h) = h**2 - 4*h + 2. Calculate o(3).
-1
Let c(v) = v**2 + 7*v - 11. Give c(-6).
-17
Let v(k) = -112*k - 7. What is v(0)?
-7
Let i(z) = z**3 + 9*z**2 + 4*z + 5. Give i(-9).
-31
Let u(r) = -r**3 + 9*r**2 - 8*r - 5. Give u(9).
-77
Let c(s) = -3*s**2 + 1. Calculate c(1).
-2
Let t(x) = 2*x + 4. Determine t(1).
6
Let i(d) = 3*d**2 + 4*d + 20. Give i(0).
20
Let t(f) = -f**3 - 3*f**2 - f - 13. Give t(-4).
7
Let f(c) = -6*c - 3. Determine f(3).
-21
Let n(m) = 13*m**2 - 340*m + 32. Give n(26).
-20
Let g(m) = 5*m + 11. What is g(-7)?
-24
Let r(n) = -12*n - 272. Calculate r(-22).
-8
Let w(n) = n**3 - 10*n**2 - 11*n + 1. Give w(11).
1
Let w(k) = -k**3 + 6*k**2 - 4*k + 19. What is w(6)?
-5
Let a(k) = -2*k**2 + 20*k - 24. Determine a(7).
18
Let t(w) = -2*w**2 + w + 12. What is t(-3)?
-9
Let z(o) = -5*o**2 - 26*o - 5. Determine z(-4).
19
Let r(h) = 8*h + 49. Calculate r(-7).
-7
Let k(m) = -m**2 - 21*m - 16. What is k(-20)?
4
Let m(b) = b**2 + 8*b - 17. Calculate m(-12).
31
Let y(r) = -r**3 + 10*r**2 + 3*r - 27. Determine y(10).
3
Let j(x) = 29*x**3 - x**2 + 2*x - 1. Determine j(1).
29
Let c(z) = z - 9. Give c(-7).
-16
Let u(f) = 6*f - 1. What is u(-2)?
-13
Let u(j) = -8*j + 29. Determine u(6).
-19
Let g(x) = 4*x - 11. Determine g(11).
33
Let a(b) = 4*b - 1. Determine a(-3).
-13
Let m(g) = -18*g. What is m(1)?
-18
Let m(y) = -y**3 - y**2 + 5*y - 2. Determine m(-4).
26
Let c(b) = -2*b + 2. Calculate c(-29).
60
Let f(s) = 19*s + 2. Calculate f(1).
21
Let a(r) = r**2 + 24*r - 6. Calculate a(0).
-6
Let m(s) = s**2 - 6*s + 2. What is m(4)?
-6
Let o(f) = f**3 - 7*f**2 + 2*f - 6. Calculate o(7).
8
Let a(v) = -3*v + 28. Determine a(7).
7
Let q(p) = -p**2 + 17*p - 4. What is q(17)?
-4
Let d(n) = -n**3 + 7. Give d(4).
-57
Let q(a) = -12*a. What is q(-6)?
72
Let r(g) = g**3 + 15*g**2 + 3*g + 52. What is r(-15)?
7
Let n(f) = 5*f**2 + 4*f + 3. What is n(-3)?
36
Let b(j) = -j**2 - 13*j - 5. What is b(-13)?
-5
Let u(n) = -16*n + 217. Give u(15).
-23
Let b(w) = -w**3 + 15*w**2 + 35*w - 23. Determine b(17).
-6
Let m(r) = -9*r - 66. Calculate m(-7).
-3
Let s(q) = 9*q - 7. Give s(5).
38
Let r(o) = -o**3 - 3*o**2 + 6*o + 5. Determine r(-3).
-13
Let a(n) = -n**3 + 6*n**2 + 3*n - 10. Give a(6).
8
Let j(q) = 8*q - 76. Calculate j(10).
4
Let s(j) = j**3 + 12*j**2 + 25*j + 46. What is s(-10)?
-4
Let z(k) = -24*k - 157. What is z(-6)?
-13
Let l(y) = y**3 - 2*y**2 - 7*y + 1. What is l(-2)?
-1
Let b(z) = z**3 + 19*z**2 + 15*z - 4. Calculate b(-18).
50
Let f(o) = -83*o - 414. Give f(-5).
1
Let k(y) = y**2 - 17*y - 14. What is k(14)?
-56
Let n(h) = -h**3 + 8*h**2 + 8*h + 1. Give n(9).
-8
Let x(n) = n**3 - 2*n**2 - 5*n + 2. Calculate x(-3).
-28
Let i(n) = 2*n - 34. What is i(15)?
-4
Let d(q) = -7*q + 4. Calculate d(-5).
39
Let g(q) = q**3 - 2*q**2 - 3*q - 1. Give g(-2).
-11
Let i(u) = -6*u + 16. Determine i(9).
-38
Let d(v) = v**2 + 20*v + 26. What is d(-19)?
7
Let j(u) = -2*u + 16. Give j(-3).
22
Let d(a) = -4*a - 69. Calculate d(-16).
-5
Let o(k) = k**2 + 3*k - 15. Determine o(4).
13
Let p(u) = u**2 + 3*u - 3. Determine p(4).
25
Let j(l) = 5*l**3 - l**2 + 4*l + 5. What is j(-2)?
-47
Let w(m) = 7*m. Determine w(1).
7
Let h(c) = c + 16. What is h(-12)?
4
Let o(n) = 2*n**2 + 21*n - 23. Determine o(-11).
-12
Let y(g) = -14*g**2 - 2*g - 3. Determine y(-1).
-15
Let j(n) = -2*n**2 + 10*n - 13. What is j(5)?
-13
Let g(d) = 135*d + 537. Calculate g(-4).
-3
Let x(o) = o**2 + 61*o - 68. Determine x(-62).
-6
Let b(w) = -w**3 + 17*w**2 - 30*w + 5. Determine b(15).
5
Let t(s) = -8*s + 16. Determine t(3).
-8
Let y(a) = 2*a**3 + 2*a**2 - 2*a - 1. Determine y(-3).
-31
Let n(u) = -2*u + 6. Calculate n(-16).
38
Let g(u) = -7*u - 4. Give g(-3).
17
Let s(l) = 12*l + 52. What is s(-2)?
28
Let i(c) = -11*c - 31. Calculate i(-3).
2
Let y(w) = -18*w**3 - w**2 - w + 2. Calculate y(1).
-18
Let s(r) = r + 26. What is s(-16)?
10
Let x(f) = -2*f**2 - 12*f - 2. Determine x(-5).
8
Let b(c) = 2*c**3 - 3*c**2 - 12*c + 14. Determine b(5).
129
Let o(r) = -4*r + 9. Calculate o(3).
-3
Let k(l) = -2*l**2 - 11*l - 1. Give k(-5).
4
Let y(h) = -h**3 + 15*h + 13. What is y(-2)?
-9
Let o(v) = -3*v + 9. Determine o(15).
-36
Let k(f) = -4*f**2 + 5*f + 6. What is k(-1)?
-3
Let k(l) = -l**3 - l**2 + 1. What is k(2)?
-11
Let n(v) = -v**3 - 4*v**2 - v + 11. What is n(-3)?
5
Let x(i) = i**2 + 14*i + 8. What is x(-12)?
-16
Let u(b) = b**3 + 33*b**2 + 59*b - 91. What is u(-31)?
2
Let a(i) = i**3 - 21*i**2 - 47*i + 31. What is a(23)?
8
Let y(x) = x**3 - x**2 - 4*x + 3. Determine y(3).
9
Let w(q) = q**2 + 126*q - 1073. Determine w(8).
-1
Let a(f) = f**2 + 12*f - 27. What is a(-15)?
18
Let n(d) = -9*d + 48. Calculate n(5).
3
Let q(u) = 2*u**2 - 25*u - 63. Give q(15).
12
Let n(o) = -8*o**3 - 22*o**2 - 2. Give n(-3).
16
Let n(z) = z**3 - 9*z**2 + 7*z + 14. Give n(8).
6
Let o(y) = -y**2 + y + 42. Determine o(7).
0
Let a(g) = 3*g**2 - 4*g + 3. Give a(2).
7
Let b(q) = 2*q**2 - 23*q + 40. Determine b(17).
227
Let f(v) = v**2 + 4*v + 19. Give f(-6).
31
Let o(b) = 3*b - 24. Give o(7).
-3
Let b(a) = -2*a + 12. Give b(13).
-14
Let s(n) = 6*n + 33. Give s(-7).
-9
Let n(v) = 13*v - 172. Give n(13).
-3
Let l(b) = -3*b + 2. Give l(8).
-22
Let z(o) = -o**3 - 3*o**2 - 10*o - 33. Determine z(-4).
23
Let a(r) = r**3 + 9*r**2 + 12*r - 8. Determine a(-7).
6
Let i(m) = 3*m**2 + 77*m + 126. Determine i(-24).
6
Let w(c) = -c**2 - 8*c - 23. Give w(-3).
-8
Let u(p) = 13*p - 1. Give u(1).
12
Let a(k) = -k**2 - 48*k + 91. What is a(-50)?
-9
Let f(x) = x**3 + 8*x**2 + 10. What is f(-8)?
10
Let g(y) = y**3 + 3*y**2 + y - 2. What is g(-2)?
0
Let d(i) = 2*i**3 + 2*i**2 - 3*i - 3. Give d(-2).
-5
Let k(i) = -i**3 - 18*i**2 - 53*i - 120. What is k(-15)?
0
Let y(h) = -4*h - 21. Determine y(-8).
11
Let s(x) = -6*x + 356. What is s(62)?
-16
Let i(c) = 7*c - 22. What is i(5)?
13
Let v(h) = h**3 + 2*h**2 + 2. Calculate v(4).
98
Let y(v) = -2*v**2 + 108*v + 224. What is y(56)?
0
Let o(d) = -69*d - 1. Determine o(1).
-70
Let a(x) = -x**3 + 11*x**2 - 8*x - 3. What is a(9)?
87
Let d(y) = 2*y**2 - 4*y - 20. Calculate d(-4).
28
Let b(a) = -a**2 + 5*a + 1. What is b(6)?
-5
Let r(n) = 7*n + 4. Give r(-3).
-17
Let o(s) = 3*s. Give o(1).
3
Let g(v) = v**3